+ -9) - (6 + 2)?
-31
What is the value of (-2 - 4) + 517 + -468?
43
-35 + (-28 - -15 - (-55 - -30))
-23
What is -123 - -123 - (-6 + 3 - -1)?
2
Evaluate 25 - (-50 + 72 + 31).
-28
Evaluate 31 - 0 - (-5821 - -5843).
9
What is 8 + -18 + 18 - (2 - (-5 + 5))?
6
-6 - (-273 + 178 + (1 - 4 - (1 - 3)))
90
103 + -1 + 3306 + -3364
44
What is -41 - (34 - (87 - 62))?
-50
Evaluate -6 + (-42 - -41 - (-1 + (7 - 2))).
-11
Evaluate (5 - 3 - 31) + -2 + (19 - (21 - 7)).
-26
What is -18 - 0 - (35 - (56 + -11)) - 85?
-93
Evaluate 14 - (-5 - (-8 - -2) - -2) - (33 + -23).
1
Evaluate 103 + (2 + 44 - 44) + (3 - 0).
108
What is -20 + 2 + (18 - (26 - 15)) - -15 - -62?
66
What is the value of 2 + -26 + (-35 - (-16 - -44))?
-87
What is (-6 - (108 - (-3 - -5))) + 46 + -62 - -3?
-125
Evaluate -41 + -2 - (-409 - -339).
27
-1 + (50 - 15) - 102 - 17
-85
Calculate (7 - 2) + 3 + 16 + -19 + -22.
-17
Calculate -14 + 45 + -24 - (4 - 2 - -79).
-74
What is (-1 + 16 - 7) + -36 + -26?
-54
What is 101 + -17 + -139 + 1?
-54
Evaluate 0 + 48 + (2 - (8 + (-12 - (8 - 15)))).
47
-56 - -1 - (-23 + -15 + (38 - 15))
-40
Evaluate 5 + (-25 - ((-8 - -5) + (11 - 18 - -4))).
-14
What is the value of (-60 - 13) + 52 - (7 + -92)?
64
What is (-30 - -35) + -22 + 10?
-7
What is the value of -5 + (117 - 1) + 518 + -486?
143
36 - 0 - (-137 - -132)
41
(32 - -1) + (21 - ((-15 - (-14 - -4)) + 18))
41
(0 - -9) + (7 - (57 + -3 - 44))
6
What is (-5 + -13 - 1) + 71 + -62 + 22?
12
Evaluate -110 + 66 + (37 - -17) + 44.
54
-44 + (-5 - -27) + -29 - (5 + -1)
-55
Evaluate 7 + 1 - (19 + (96 - 111) - (-94 - -1)).
-89
What is -23 - (-18 + (27 - 28))?
-4
Evaluate 20 - (49 - (84 + -17)).
38
(1 - -72) + (-32 + (-24 - -38) - (-2 + -14))
71
Calculate -89 - (27 - (-56 + 260)).
88
What is 26 + (20 + 12 - 34) + -7?
17
-134 - (-81 - (-88 + 63))
-78
11 + (-37 - (-93 + 135))
-68
Calculate 60 + (-17 - -23) + -122.
-56
What is 37 - ((26 - -2) + (-371 - -361)) - (-2 + 4)?
17
What is the value of -20 + 66 + -95 - -20?
-29
What is -7 - (-13 - -9 - -16) - -25?
6
Calculate -12 - ((3 + -1 - 58) + -211 + 211).
44
-2 + -34 + 7 - (-2 - -31 - 38)
-20
Calculate (-6 - -6) + (-57 + -28 + 14 - -5) - 12.
-78
What is the value of 7 + (-12 - (6 - 8) - -7)?
4
Evaluate 28 + 36 - (-1 + 14 + (26 - 27)).
52
Calculate -52 + 3 + 16 + -8 + 20.
-21
4 + (-64 - -44) + (-1 - -21)
4
Calculate (139 - -8) + -136 - (97 + 0).
-86
Evaluate 9 + -3 + -28 - (268 + -374).
84
Calculate -14 + (5 - 0) - (32 + -13).
-28
74 + (-13 - (22 - (69 + -36)))
72
91 - -2 - (-784 + 827)
50
Evaluate (13 - -1 - 10) + -9.
-5
3 + (34 - (-5 - ((3 - (-10 - -9)) + -8)))
38
What is (-13 - 31 - -4) + 22 - (0 - 76)?
58
(0 + -5 - -1) + (-21 + 59 - 114)
-80
Evaluate 49 - (-49 + 112) - -1.
-13
What is the value of -16 + 43 + 29 - 13?
43
Evaluate (-289 - -252) + (0 - -96).
59
What is the value of -7 - (33 - (-74 + 15) - -20)?
-119
0 - -11 - (-17 - (19 + -22 + -20))
5
What is 16 - (10 - 1 - (-47 - -9))?
-31
Evaluate (-25 - (-59 - -6)) + -11 + -42.
-25
What is the value of (85 + -6 - -7) + -164?
-78
Calculate (-93 - (10 - 2)) + (-236 - -273).
-64
What is 38 + -11 - 6 - 65 - 6?
-50
What is the value of -42 - (4 - (-24 + (44 - 21)))?
-47
Evaluate 0 + 39 + 3 + (-12 + 20 - 12).
38
Calculate -44 + -28 + 52 - (-1 + 27).
-46
What is 43 + (20 - 49) + -38 + 0?
-24
Evaluate (131 - (-44 - -111)) + (2 - 32).
34
What is 49 + -7 + -4 + 0 + 12 - (5 + -1)?
46
What is the value of -114 + (-71 - -106) + 81?
2
Calculate (-53 - (9 - 1 - 9)) + -7.
-59
3 - ((184 - 172) + (1 - 18)) - 11
-3
Calculate (7726 - 7716) + (0 + (14 - -2) - (2 - 3)).
27
Evaluate 91 + 31 + (-25 - 33).
64
-61 + 11 - (-30 + 62)
-82
What is -2 + (-1 - 9) + (42 - 42) - (0 - -9)?
-21
What is the value of -1911 - -1919 - (-1 + 27 + 1)?
-19
Evaluate 8 + (11 - 14) - (0 + -2 + 24).
-17
2 + 51 - (-847 + 918)
-18
What is the value of 202 - (90 + -30) - 76?
66
Evaluate (-108 - 118 - -241) + (0 - -22 - 1).
36
529 - 199 - 336 - (2 - (-1 - (1 - 125)))
115
Calculate -8589 - -8603 - (11 - 1 - (-2 + 1)).
3
What is the value of 78 + (-118 + 115 - 60)?
15
What is the value of (2 - -14 - -80) + -89?
7
What is the value of 44 - (10 + (-6 + 10 + -14 - -6 - 1))?
39
What is -3 + (-18 - -22) - (-16 - -25) - (52 + 1)?
-61
Calculate ((-54 - -15) + 12 - -10) + -14 + 1.
-30
What is -7 + 23 - (70 + 20 + -28)?
-46
What is -14 + 9 + -21 - 48?
-74
Evaluate -8 + 11 + -8 + 84 + -81 + 1 + 67.
66
What is 2 - (-9 + -40 + 29 + 100)?
-78
What is the value of (10 + -1 - (-13 - -27)) + 25 + -24?
-4
Calculate 18 + -51 + 13 + 41.
21
What is the value of (-37 - -15) + 11 + 9 - (-31 + 4)?
25
Calculate (-38 - -72) + -45 + (2 - (19 + -2)).
-26
-41 + (64 - 27) - -49
45
What is the value of -4 + (-5 + 15 - 8 - -45 - 2)?
41
Evaluate 75 - (-53 + -21 + 45).
104
(0 - -12 - (78 + -63)) + (-2 - -11 - 30)
-24
What is 86 - (-51 + -4 + 75 + -47)?
113
-2 + (-12 - (3 - (-10 - (4 + -12 - 82))))
63
Evaluate 4 - (1 + 1 - (-29 + 4 + -1)).
-24
Calculate (1 - (25 + -21 + (-5 - -1))) + 110 + -67.
44
What is -9608 + 9612 + 0 + -1 + (-1 - 44)?
-42
What is the value of 42 + (3 - 2) + 11 + -25 + -1?
28
What is the value of 66 + (78 - 33) + (-2 - (-3 + 3)) + 2?
111
Evaluate -2 + 2 + (-36 - 5) + 6 + 16.
-19
Evaluate 364 + -414 + (-9 - (1 + -4)).
-56
What is the value of 26 + 0 - (28 - (23 - 6)) - -8?
23
What is the value of -22 - (11 + (-7 + 27 - 40))?
-13
3 - ((349 - 332) + (1 - 11)) - 45
-49
Calculate 13 + -3 - 40 - (-43 + 58).
-45
What is the value of (2 - 1) + (-21 - (29 + -74))?
25
Calculate 3 + (-79 - (-51 + 13)).
-38
What is -131 + 17 + 98 - -69?
53
What is the value of -23 - (20 + (-33 - -10) + -9 + 0)?
-11
Calculate 14212 + -14114 - (-4 - (-3 + (4 - 3))).
100
Evaluate -67 - (17 - 40) - 61.
-105
What is the value of -158 - (-96 - -55) - -105?
-12
What is the value of 5 - (8 + 11 + (4 - -55) + -19)?
-54
Evaluate -3 - 51 - (1 - (11 - 10)) - (-8 - -16).
-62
What is the value of (6 - 40) + (24 - (-14 - -22))?
-18
What is the value of 0 + -74 + (-3 + 15 - (18 + -24 - -25))?
-81
8 + (1 - 13) + 16 + -17 + 36
31
Calculate 155 - (-11 - (18 + -100)).
84
What is the value of (-69 - (-31 - 25)) + (-12 - 56)?
-81
What is -23 + -46 + 26 + 11?
-32
26 + -3 + (-56 - -35) + -21
-19
What is the value of (3 - ((2 - 17) + -7 - -16)) + 48?
57
Evaluate (76 + -48 + -44 - (-31 + 0)) + 7.
22
18 - 3 - (-10 + (38 - 12) + -7 - -11)
-5
What is the value of (101 - (-3 + 0)) + (-100 + 90 - 1)?
93
What is 1034 - 1011 - (1 + -1 + -47)?
70
161 - ((70 - -34) + -14)
71
What is the value of (-1 - -59) + (-35 + 7 + 1 - (36 - 55))?
50
-6 - ((-13 - 26) + 18 + -16)
31
Calculate (-20 - (-23 + -7 + 16)) + 13 + -6.
1
Evaluate 6 + (-70 - -63 - (-8 - 0)) + 51.
58
What is the value of 8 + -2 + -11 + -2 + 9 + -23?
-21
What is 1 + -18 + 4 + (4 - -1) + (-15 - 1)?
-24
Evaluate 4625 + -4607 + (-125 - 1).
-108
Calculate -71 + (1 - -5 - 9 - 1).
-75
-53 + -2 - (-51 + 29 + 1)
-34
What is 64 - (-3 - (9 + -6) - -23)?
47
Calculate -3 - ((4 - (1 - 6)) + -4) - (856 + -795).
-69
What is 2 + -22 + (59 - 0 - 60)?
-21
What is the value of (19 - (9 - -5)) + (-3 - (-35 - (-5 + 3)))?
35
Evaluate -1 - 17 - (-99 + 108).
-27
5 - ((-1 - -23) + 25 + 8)
-50
What is (-27 + 111 - -5) + -83?
6
(20 - ((27 - -15) + -7)) + 42
27
Calculate -116 + 137 + -62 + 93.
52
What is the value of 11 + -10 + 13 + -6 + -54 + 2?
-44
0 - ((-23 - -3) + 6 - -5) - (480 - 392)
-79
What is the value of -36 - -2 - (-45 - (20 - (-17 - -94)))?
-46
What is the value of 7 - ((10 + -21 - -16) + 22)?
-20
Calculate 37 + (19 + 13 - (88 - 72)).
53
(-8 - 1) + (-1 - -27) + (-151 + 63 - 21)
-92
Calculate (-7 - ((7 - (-12 + 4)) + 6 + -6)) + 2.
-20
Calculate (-1 + -1 - -12) + (-132 - (33 - (36 - -4))).
-115
Evaluate 1 + (-17 - (-16 - 11)) + -80.
-69
What is -27 - (-46 + (51 - 26))?
-6
What is -27 - 0 - (48 - (0 - -60) - 1)?
-14
Calculate 14 + -2 - (6 + 1 - -2 - (6099 + -6226)).
-124
Calculate (30 - 20 - (-3 - (0 - 1))) + -155 + 144.
1
Evaluate (4 - 34 - (-5 - (-6 + -9))) + (9 - 5).
-36
Evaluate 28 + -132 + 93 - (11 - 0) - -111.
89
(-1 - (8 - 2)) + 0 + (1589 - 1583)
-1
Evaluate 56 + (-26 - 29) - (73 - (-2 + (-3 - -2))).
-75
Evaluate -25 + 7 + 7 + (-14 - (-7 + 6)) - -5.
-19
36 - (11 - (47 + -34))
38
Calculate -61 + -3 + -1 + 0 + 16 + -6 - 9.
-64
-10 + (7 - -32) - (-18 + 6) - -2
43
What is the value of -28 + -9 + -34 + -13?
-84
-9 + 